u be 1/(-2)*((3 - 6) + 19). What is the remainder when h(u) is divided by 20?
12
Suppose 3*w - 33 - 24 = 0. Let m be 144/40*5*(-2)/3. Calculate the remainder when w is divided by 3 + (-8)/12*m.
8
Suppose -3*l + l - 4*f + 38 = 0, -2*f = 3*l - 57. What is the remainder when 151 is divided by l?
18
Let h = 25 - 20. Calculate the remainder when h*1*(-9)/15 - -20 is divided by 9.
8
Suppose 5*n + 2*h + 195 = -0*h, -5*n = -4*h + 195. Let d = n - -66. Let b = 2 - -49. What is the remainder when b is divided by d?
24
Suppose 5*b + 2*z = 86, 3*b + 5*z - 39 - 5 = 0. What is the remainder when 339 is divided by b?
15
Suppose -3*t = 17 + 1. Let y = t - -65. Suppose -4*j - 44 = -4*b - 0*b, 4*b - 52 = 2*j. What is the remainder when y is divided by b?
14
Let n = -73 - -75. Suppose 2*b - n*h - 30 = -0*b, -3*h = 5*b - 67. Let s = 60 + -6. What is the remainder when s is divided by b?
12
Let o be 1/(-3) + 1 + 4592/42. Suppose -8*y + o = -82. Calculate the remainder when 95 is divided by y.
23
Let i be (-13)/(13/(-18)) - 5. Suppose -3*w + i = -29. Let p = 5 - 2. Calculate the remainder when w is divided by p.
2
Suppose -14*c + 2820 = 16*c. What is the remainder when c is divided by 14?
10
Let p = -360 + 373. What is the remainder when 57 is divided by p?
5
Let r(w) = -w**2 + 10*w - 2. Let j be r(4). Let k = 21 - j. Let z(t) = -21*t**3 - t. What is the remainder when 64 is divided by z(k)?
20
Suppose 0 = 5*r - 2*r - 21. Let y = 26 + 0. What is the remainder when y is divided by r?
5
Suppose -2*g = 2*v + 2*g - 20, 0 = -4*v - 3*g + 50. Suppose 0 = -3*j + 2*m + 34, 2*j + 0*m - v = -3*m. What is the remainder when 29 is divided by j?
9
Suppose 4*b - 13 = -1. Let z be (6 - 4/(-4)) + -1. Let x = z + -1. What is the remainder when x is divided by b?
2
Suppose 113 = u + 2*v - 45, -3*v - 599 = -4*u. Calculate the remainder when 52 is divided by u/12*(-3)/(-2).
14
Let u = 133 + -131. Suppose -3*a - u*n = -277, -652 + 187 = -5*a - 4*n. Calculate the remainder when a is divided by 9.
8
Let j(z) = 3*z + 58. Suppose 0 = 10*v - 2*v + 120. What is the remainder when 166 is divided by j(v)?
10
Suppose -3*y + 5*k = -232, -5*y + y + 256 = 4*k. What is the remainder when 409 is divided by y?
64
Suppose 0 = -3*i - 24*s + 27*s + 27, -s - 33 = -3*i. Let k = 93 + -22. Calculate the remainder when k is divided by i.
11
Let n = 50 - -13. Suppose -l - 20 - 11 = -3*q, -5*q + n = 4*l. Let s(a) = 9*a - 2. Calculate the remainder when s(6) is divided by q.
8
Let q(x) = x**3 - 2*x**2 - 4*x - 5. Suppose g = 1, -3*n + 9 = -5*g - 100. What is the remainder when n is divided by q(4)?
5
Let b = -238 + 435. Calculate the remainder when b is divided by 40.
37
What is the remainder when (-6)/(-36)*(137 + 1) is divided by ((-32)/20)/(2/(-15))?
11
Let r = 244 - 211. Calculate the remainder when 296 is divided by r.
32
Suppose -8*k = -932 - 2012. Suppose 8 - 24 = -4*d, k = 2*w + 5*d. What is the remainder when w is divided by 22?
20
Suppose v + 5*d + 9 = 4*v, -3*v - 4*d + 9 = 0. Let c be (-165)/135 - 4/(-18). What is the remainder when 29 is divided by (8 - (-9)/v) + c?
9
Let l(m) = 15*m**2 + m - 9. Calculate the remainder when 205 is divided by l(2).
46
Suppose 2*q = 2*g - 364, 0 = 72*q - 73*q + 1. What is the remainder when g is divided by 62?
59
Let a = 18 - -12. Let o be 1/1 - a/(-10). What is the remainder when ((-18)/o - -4)*-118 is divided by 15?
14
Calculate the remainder when 101 is divided by (-527)/(-34) + 1/(-2).
11
Let x(n) = n**3. Let g be x(1). Let t(m) = 3*m**2 + 10*m - 6 - 3*m - g - 2*m**2. What is the remainder when 4 is divided by t(-8)?
0
Suppose 3*k - 33 - 12 = 0. Suppose 3*d = -k + 60. What is the remainder when d is divided by 10?
5
Let i(d) = 19*d**2. What is the remainder when (22 - 72/9) + 156 is divided by i(1)?
18
Let z = -48 - -54. Suppose -370 = -z*w + 86. What is the remainder when w is divided by 13?
11
Let h(p) = p**3 + 27*p**2 + 20*p + 16. What is the remainder when h(-26) is divided by 89?
83
Let m(b) = 9*b - 6. Let q(p) = p**3 + 5*p**2 + 3*p + 6. Let l be q(-4). Let i(x) = -x**2 + 11*x + 2. What is the remainder when m(3) is divided by i(l)?
9
Let v(w) = 2*w + 2. Let c be (1 - 3)/((-20)/(-90)). Let q(r) = -r**3 - 8*r**2 - 5. Calculate the remainder when q(c) is divided by v(12).
24
Suppose -3*u + 39 - 7 = 4*p, -2*u + 28 = 4*p. Calculate the remainder when 11 is divided by p.
1
Suppose x + u - 7 = 0, x = 6*x - 4*u - 17. Suppose 0*n - x*n - 3*l = -39, -3*l = -5*n + 51. What is the remainder when 17 is divided by n?
8
What is the remainder when 318 - (-3)/1 - (12 - 16) is divided by 47?
43
Suppose 2*f = -f - w - 7, 2*f + 5*w = -22. Calculate the remainder when (1/2)/f*-54 is divided by 4.
3
Let i = 197 + -171. Calculate the remainder when 115 is divided by i.
11
Let u(l) = l**2 - 4*l - 6. Let v be u(4). Let c be 8/10*(v - -11). Suppose 0 = 5*f - c*f - 13. What is the remainder when 24 is divided by f?
11
Suppose -73*a = -8066 - 2300. Calculate the remainder when a is divided by 12.
10
Suppose -4*g = 2*s - 46 - 2, 4*s = -3*g + 71. Calculate the remainder when ((-165)/9)/((-1)/3) is divided by s.
13
Let b(s) = s**2 + s - 93. What is the remainder when b(-17) is divided by 18?
17
Let x = 2399 + -2217. Calculate the remainder when x is divided by 89.
4
Let p = 1109 + -1032. Suppose 0 = -n + 3*n - 26. Calculate the remainder when p is divided by n.
12
Suppose -3*f - 30 = -6*f. Suppose -f*q = -135 + 15. Calculate the remainder when 31 is divided by q.
7
Suppose 66*j - 2156 = 64*j. What is the remainder when j is divided by 45?
43
Suppose 0 = 4*r - 3*l - 17, 5*r = 4*r - 4*l - 10. Let n be (-20)/((-600)/2574) + 2/10. Suppose -r*i - 4 = -n. Calculate the remainder when i is divided by 11.
8
Let j(p) = 0*p - 81*p - 2 + 21*p - 115*p. What is the remainder when j(-1) is divided by 58?
57
Suppose 3*x - 273 = -3*r - 57, 0 = 4*r - 2*x - 258. Let y = -47 + r. Calculate the remainder when 33 is divided by y.
13
Let d = -1 + 5. Suppose -d*a + 26 = -2*k, -a + 4*k = a - 28. Calculate the remainder when a is divided by ((-33)/(-9) + -4)*-9.
1
Suppose 26 + 9 = -5*j. Let o be 4/j*35/(-10). Suppose -18 = -o*d + 6. Calculate the remainder when 22 is divided by d.
10
Suppose -204 = -3*w - 5*t, 5*w - t - 374 = 2*t. Calculate the remainder when w is divided by (-308)/(-8) + 6/(-4).
36
Suppose 6*i - 20 = i. Suppose 5*l = -2*b - 0*b + 58, -87 = -3*b + i*l. What is the remainder when b is divided by 11?
7
Suppose 2*j = 0, 2*p = j + 20 + 64. Let r = -38 + p. What is the remainder when 5 is divided by r?
1
Let x(f) = f - 8. Let o be x(6). Let u be (o - -749)*7/21. Calculate the remainder when 70 is divided by u/21 + 1/7.
10
Suppose 2 = 5*d - 3, 2*d + 4 = -2*n. What is the remainder when 1*((-12)/n + 49) is divided by 14?
11
Suppose 0 = -12*q + 3*q - 162. Let j = q + 34. Calculate the remainder when 45 is divided by j.
13
Let z = 2 - -15. Let m = 59 + -88. Let a = m + 34. Calculate the remainder when z is divided by a.
2
Let j = 83 + 21. What is the remainder when j is divided by 6?
2
Suppose -3*z - 2*z - 155 = 0. Let q = z - -46. Let u(g) = g**3 - 24*g**2 + g - 15. Calculate the remainder when q is divided by u(24).
6
Let a(l) = l**2 + 48*l + 225. Calculate the remainder when a(-48) is divided by 12.
9
Suppose -198 - 314 = -8*k. Suppose 7*g = -k + 176. What is the remainder when (-29)/(-3 - (-2)/1) is divided by g?
13
Let s be (4/6)/(((-20)/(-12))/5). Suppose 3*v + 0*v - 27 = -s*i, -2*i + 31 = -v. Calculate the remainder when 57 is divided by i.
12
What is the remainder when 800/70 + 9 + 3/(-7) is divided by (8/4)/(2/11)?
9
Let h = 37 - 25. What is the remainder when 57 is divided by h?
9
Let q = 69 - 88. Let c(o) = -o**2 - 17*o + 60. Calculate the remainder when c(q) is divided by 13.
9
Let s = 0 + 3. Suppose -s*k + 58 = 16. What is the remainder when 78 is divided by k - (-4 + 2)/1?
14
Let j = 912 + -892. Calculate the remainder when 1679 is divided by j.
19
Let z be 1 - 3 - (2 + 4). Let u = z + 9. Calculate the remainder when 64 is divided by (-3)/u - 25/(-1).
20
Let r = 12356 - 12265. What is the remainder when r is divided by (-1 + (-4)/3)*-6?
7
Let u = -708 - -719. What is the remainder when 107 is divided by u?
8
Suppose 6 + 48 = 5*f - 2*j, -2*f = j - 27. Let i be ((-8)/f)/((-2)/6). Suppose 2*